{"id":71,"date":"2020-01-27T08:15:05","date_gmt":"2020-01-27T08:15:05","guid":{"rendered":"https:\/\/demosites.io\/web-agency-gb\/?page_id=71"},"modified":"2024-03-11T09:18:38","modified_gmt":"2024-03-11T09:18:38","slug":"portfolio-single","status":"publish","type":"page","link":"https:\/\/praxis-dr-reiser.de\/?page_id=71","title":{"rendered":"\u00dcber"},"content":{"rendered":"\n<div class=\"wp-block-cover alignfull\" style=\"min-height:160px;aspect-ratio:unset;\"><span aria-hidden=\"true\" class=\"wp-block-cover__background has-nv-light-bg-background-color has-background-dim-100 has-background-dim\"><\/span><div class=\"wp-block-cover__inner-container is-layout-flow wp-block-cover-is-layout-flow\">\n<div class=\"wp-block-group\"><div class=\"wp-block-group__inner-container is-layout-flow wp-block-group-is-layout-flow\">\n<div class=\"wp-block-columns are-vertically-aligned-center is-layout-flex wp-container-core-columns-is-layout-9d6595d7 wp-block-columns-is-layout-flex\">\n<div class=\"wp-block-column is-vertically-aligned-center is-layout-flow wp-block-column-is-layout-flow\" style=\"flex-basis:70%\">\n<p><\/p>\n\n\n\n<h2 class=\"wp-block-heading has-text-align-left has-neve-text-color-color has-text-color\">\u00dcber mich<\/h2>\n<\/div>\n\n\n\n<div class=\"wp-block-column is-vertically-aligned-center is-layout-flow wp-block-column-is-layout-flow\" style=\"flex-basis:30%\"><\/div>\n<\/div>\n<\/div><\/div>\n<\/div><\/div>\n\n\n\n<div class=\"wp-block-cover alignfull\" style=\"min-height:362px;aspect-ratio:unset;\"><span aria-hidden=\"true\" class=\"wp-block-cover__background has-nv-light-bg-background-color has-background-dim-100 has-background-dim\"><\/span><div class=\"wp-block-cover__inner-container is-layout-flow wp-block-cover-is-layout-flow\">\n<div class=\"wp-block-group\"><div class=\"wp-block-group__inner-container is-layout-flow wp-block-group-is-layout-flow\">\n<div class=\"wp-block-columns is-layout-flex wp-container-core-columns-is-layout-9d6595d7 wp-block-columns-is-layout-flex\">\n<div class=\"wp-block-column has-neve-text-color-color has-text-color has-link-color wp-elements-e52ec6f0d91dd3a299edf4f7dd6bcf20 is-layout-flow wp-block-column-is-layout-flow\" style=\"flex-basis:66.79%\">\n<p>Hallo,<\/p>\n\n\n\n<p>mein Name ist Dr. Anne Reiser und meine Pronomen sind sie\/ihr.<\/p>\n\n\n\n<p>Ich bin approbierte und promovierte Psychologische Psychotherapeutin mit der Fachkunde im Richtlinienverfahren Verhaltenstherapie, arbeite mit Erwachsenen und kann auf langj\u00e4hrige therapeutische Erfahrung sowohl im ambulanten als auch im station\u00e4ren Bereich zur\u00fcckgreifen. Ich bin Mitglied der&nbsp;<a href=\"https:\/\/www.lpk-rlp.de\" target=\"_blank\" rel=\"noreferrer noopener\">Psychotherapeutenkammer RLP<\/a> und eingetragen in das Arztregister der&nbsp;<a href=\"https:\/\/www.kvbawue.de\/\">Kassen\u00e4rztlichen Vereinigung Baden-W\u00fcrttemberg<\/a>.<\/p>\n\n\n\n<p>Meine Praxis steht allen Menschen mit ihren individuellen Herausforderungen, Problemen und Anliegen offen. Dies gilt unabh\u00e4ngig von Geschlecht, Alter, sexueller Orientierung, sozialer Stellung, Nationalit\u00e4t, ethnischer Herkunft oder Religion.<\/p>\n\n\n\n<p>Bei Interesse nehmen Sie gerne Kontakt mit mir auf &#8211; ich freue mich darauf, von Ihnen zu h\u00f6ren!<\/p>\n\n\n\n<p><\/p>\n\n\n\n<p><\/p>\n<\/div>\n<\/div>\n\n\n\n<div style=\"height:40px\" aria-hidden=\"true\" class=\"wp-block-spacer\"><\/div>\n<\/div><\/div>\n<\/div><\/div>\n","protected":false},"excerpt":{"rendered":"","protected":false},"author":1,"featured_media":0,"parent":0,"menu_order":0,"comment_status":"closed","ping_status":"closed","template":"","meta":{"neve_meta_sidebar":"default","neve_meta_container":"","neve_meta_enable_content_width":"on","neve_meta_content_width":100,"neve_meta_title_alignment":"","neve_meta_author_avatar":"","neve_post_elements_order":"","neve_meta_disable_header":"","neve_meta_disable_footer":"","neve_meta_disable_title":"on","_themeisle_gutenberg_block_has_review":false,"footnotes":""},"class_list":["post-71","page","type-page","status-publish","hentry"],"_links":{"self":[{"href":"https:\/\/praxis-dr-reiser.de\/index.php?rest_route=\/wp\/v2\/pages\/71","targetHints":{"allow":["GET"]}}],"collection":[{"href":"https:\/\/praxis-dr-reiser.de\/index.php?rest_route=\/wp\/v2\/pages"}],"about":[{"href":"https:\/\/praxis-dr-reiser.de\/index.php?rest_route=\/wp\/v2\/types\/page"}],"author":[{"embeddable":true,"href":"https:\/\/praxis-dr-reiser.de\/index.php?rest_route=\/wp\/v2\/users\/1"}],"replies":[{"embeddable":true,"href":"https:\/\/praxis-dr-reiser.de\/index.php?rest_route=%2Fwp%2Fv2%2Fcomments&post=71"}],"version-history":[{"count":12,"href":"https:\/\/praxis-dr-reiser.de\/index.php?rest_route=\/wp\/v2\/pages\/71\/revisions"}],"predecessor-version":[{"id":720,"href":"https:\/\/praxis-dr-reiser.de\/index.php?rest_route=\/wp\/v2\/pages\/71\/revisions\/720"}],"wp:attachment":[{"href":"https:\/\/praxis-dr-reiser.de\/index.php?rest_route=%2Fwp%2Fv2%2Fmedia&parent=71"}],"curies":[{"name":"wp","href":"https:\/\/api.w.org\/{rel}","templated":true}]}}